= y**3 + 3*y**2 + 5*y - 106. Is q(9) a prime number?
True
Suppose 0 = -3*l + 2 + 1. Suppose -7 - l = 4*c. Let h = 49 - c. Is h a composite number?
True
Let y be (2 + -1306)*1 + 2. Let r = y - -3289. Is r a prime number?
True
Let f(p) = 11*p**3 + 3*p**2 - p + 12. Let d be f(4). Is ((-2)/4)/((-4)/d) a prime number?
False
Let w(l) = -15*l - 13. Let h(r) = -5*r - 4. Let c(p) = -17*h(p) + 6*w(p). Let a be (15 + -3)*-1 - 1. Is c(a) a prime number?
False
Suppose 0 = -13*h + 255047 + 115362. Is h a composite number?
False
Suppose -168*s + 154*s = -296198. Is s composite?
False
Let n = 108 + 114. Suppose 3*m = 3*q - n, m + 0*m + 216 = 3*q. Is (q/(-4))/(7/(-28)) a composite number?
False
Let x be (-3842)/6 + (-7)/(-21). Let j = x - -1389. Is j a composite number?
True
Suppose g + 10 = 2*p, 3*g = -5*p + 5 + 9. Let y(a) = 42*a**2 - 38*a + 25. Let f(x) = 14*x**2 - 13*x + 8. Let w(u) = p*y(u) - 11*f(u). Is w(5) a prime number?
True
Let m(j) = j**3 + 6*j**2 - j - 2. Let z be m(-6). Suppose z*n - 9*n + 1265 = 0. Is n a composite number?
True
Let s(f) = -4*f**2 - 4*f - 4. Let a be s(-1). Let z = 75 + a. Is z composite?
False
Suppose -44 = h - 5*h. Let y(v) = 23*v + 15. Let s be y(-5). Let p = h - s. Is p composite?
True
Let q(w) be the first derivative of w**3/3 + w**2/2 - 21*w - 15. Is q(16) prime?
True
Let n(u) = 65*u**2 - 3*u + 11. Let l = -4 - -8. Is n(l) prime?
True
Suppose -3*w = -5*c - 134748, -7*w + c = -9*w + 89819. Is w composite?
True
Suppose -13*c = -291251 - 24714. Is c prime?
False
Let a(r) = 629*r**3 - 6*r + 1. Is a(2) prime?
True
Let w(b) = 136*b + 6. Let r be w(3). Suppose -3*u = -u - r. Suppose 3*z - 132 = u. Is z a composite number?
False
Suppose -2*y - 5*b = -61405, 6*y + 61425 = 8*y + b. Is y a composite number?
True
Suppose -x - 2*g + 81032 = 11677, -5*x + 346739 = -2*g. Is x composite?
True
Is (-12)/18 + 2272823/21 prime?
False
Suppose 89803 - 281955 = -8*o. Is o a prime number?
True
Let w = -36243 + 67478. Is w prime?
False
Is ((132/(-9))/(-4)*15513)/1 prime?
False
Let h(o) = -4*o + 5*o**2 + 3 - o + 3*o. Let d be h(2). Suppose -5*t + d = 3*v, 0 = -2*v + v - t + 9. Is v a composite number?
False
Let z = 36 + -32. Suppose 0 = -2*s + z*i + 1584, 3*s + i = 6*i + 2377. Suppose 0 = 5*n + s - 3129. Is n a prime number?
True
Let x(r) = -323*r - 278. Is x(-53) prime?
False
Let t be 1/(8/(-10) + 1). Suppose -8322 = -t*a + 5213. Is a composite?
False
Is 204/8*(-42)/(-9) composite?
True
Suppose 2*v - 42 = 4*m, 0 = 3*m + 2*v - v + 19. Is ((-10087)/m - 2) + (-21)/(-168) prime?
True
Let l(h) be the third derivative of h**8/5040 + h**7/560 + h**6/90 + h**5/15 + h**2. Let z(a) be the third derivative of l(a). Is z(9) a composite number?
True
Suppose 0 = -3*s + 12, 3*s - 5*s = n - 2665. Is n a prime number?
True
Let r(z) = z + 2. Let k be r(3). Suppose 2*i + 251 = 2*t + 3941, k*i = -3*t + 9241. Is i a composite number?
False
Suppose -20 = 5*h, -j + 19 = -5*h - 11. Suppose -j*t + 9*t = 2. Let q(u) = -71*u - 1. Is q(t) a prime number?
False
Suppose 3*a - 82673 = 46921. Is a a composite number?
True
Is -4073*12/(-4)*(-9 + 10) prime?
False
Let i(c) = -16*c - 22. Let q be i(18). Let m = -73 - q. Is m prime?
False
Let u(l) = -26*l - 7. Let n(h) = h + 9. Let s be n(-6). Suppose -4*m - 1 = -i + s, 9 = -3*i + 5*m. Is u(i) prime?
False
Let x(b) = 41*b**2 + 21*b + 11. Is x(-6) a composite number?
False
Let r(l) be the third derivative of -97*l**6/120 + l**5/10 + l**4/6 + l**3/3 + l**2. Is r(-2) a composite number?
True
Let u be 3 + (-34 - 2) + -3. Let o = 322 - u. Is o composite?
True
Let x(m) = -m + 8. Let o be x(4). Suppose -51*d - 148 = -14*d. Is 449*(o + -7 - d) composite?
False
Let d(z) = 60*z**2 + 5*z + 8. Let y be d(-3). Suppose g - y = -4*x, -2790 = -5*g - 3*x + 8*x. Is g composite?
True
Suppose 4*p + 21 = y, 0*y = 3*y - 15. Let a(u) = 28 - 11 - 33*u - 11 - 11. Is a(p) composite?
False
Suppose 15139 = 3*q - u + 2690, -4*q + 3*u = -16592. Let l = -2008 + q. Suppose 0 = -5*v + l + 752. Is v a composite number?
True
Let r = 5 + 1. Let i(v) = 15*v**2 + 9*v - 7. Let x(l) = -14*l**2 - 10*l + 8. Let n(a) = 3*i(a) + 2*x(a). Is n(r) prime?
False
Suppose 7*s - 2*s + 215 = 0. Suppose -213 = 3*f - 765. Let u = f + s. Is u a composite number?
True
Let t = 4920 - 1621. Is t a prime number?
True
Let j = -447 - -638. Is j a prime number?
True
Suppose 0 = -5*u + 5*b - 4525, b - 2711 = 3*u - b. Let j = -360 - u. Is j a prime number?
True
Let o(d) = -d**2 - 44*d - 107. Is o(-40) prime?
True
Let z = 4891 - 2564. Is z composite?
True
Let f = -8 + 11. Suppose 3*l = -5*m + 790, -f*m + l + 327 = -m. Is m composite?
True
Let t(l) = -l**3 - 6*l**2 + l - 3. Let q be t(-6). Let r(z) be the third derivative of -31*z**4/12 - 7*z**3/6 + 28*z**2 - 2. Is r(q) prime?
False
Suppose 0 = 23*w - 36123 - 2494. Is w composite?
True
Let z be 2 - (-2 - (-1 + 3)). Let w = -108 - -39. Is (w/(-2))/(z/8) a prime number?
False
Let f(l) = 2*l - 6. Let c be f(5). Suppose -150 = -5*a + c*a. Suppose 115 = x - a. Is x a composite number?
True
Let i be 6/15*-1*-10. Suppose x = 2*q - 23, -3*q + q + 38 = i*x. Let k(d) = -d**3 + 14*d**2 - 5*d + 15. Is k(q) prime?
False
Is (4/(-12))/((-666020)/95145 + 7) prime?
True
Suppose 4 = 2*w + 5*o + 13, -5*w = -2*o + 8. Let z(q) be the first derivative of 103*q**3/3 - q**2/2 - q + 3. Is z(w) a composite number?
True
Is (-9)/6 + (-7)/14 + 10039 prime?
True
Let n(m) = -m**3 + 4*m**2 - 2*m + 4. Let i be n(4). Suppose w - 52 = -3*w. Let k = i + w. Is k a prime number?
False
Let k = 23 - -11. Suppose 0 = 32*r - k*r + 14. Is -11 + r - 1*-303 composite?
True
Suppose i + b - 175 = 0, i - b = -i + 335. Let p = i + -355. Is p/(3 + (3 - 7)) a prime number?
False
Let b(p) = -4*p - 16. Let s be b(-4). Suppose 3*o - 1056 - 1797 = s. Is o a composite number?
True
Let d(t) = -5*t - 6. Let s(q) = q - 1. Let w(u) = -d(u) + 3*s(u). Let j(l) = 8*l + 3. Let b(i) = -4*j(i) + 3*w(i). Is b(-7) a prime number?
True
Suppose 2*d + l - 376 = 1874, -5*d = -3*l - 5614. Let n = d - -10541. Is n a prime number?
False
Let p = 238 - 137. Let a = p - -168. Is a prime?
True
Suppose -5*f = 2*d - 24, 9*f - 2*d - 8 = 6*f. Let q(v) = 94*v - 15. Let n(u) = -47*u + 7. Let x(c) = -13*n(c) - 6*q(c). Is x(f) a prime number?
False
Suppose 3*m = 3 + 6. Let a be m - 0 - (-1 + 14). Is a/35 - 3901/(-7) a prime number?
True
Let g = 2226 - 725. Is g a composite number?
True
Let y = 21601 + -5258. Is y a prime number?
False
Suppose 0 = -2*b - 2*y + 54984, 0 = 75*b - 78*b - 4*y + 82471. Is b composite?
True
Let b = 329 + -1586. Is 2*b*5/(-30) composite?
False
Suppose -4*w - 4*b = -16805 - 271, 5*w - 21351 = -2*b. Is w a composite number?
False
Suppose -3*q + 8880 = -5*s, -3*q + 3*s = s - 8889. Is q a prime number?
False
Is -2655*20/(-60) - (8 + 0) prime?
True
Let d(u) = 2217*u - 32. Is d(3) prime?
True
Let h = 21382 - 13235. Is h composite?
False
Suppose 0 = 4*j - 5632 - 8132. Suppose -3*m - 3*c = -j, 3*c - 6737 = -5*m - 998. Is m prime?
False
Let f = -94 - -314. Suppose 30 = 2*h - f. Let d = -78 + h. Is d prime?
True
Suppose -4*u - 2*q + 702 = 0, 3*q + q = -3*u + 519. Suppose -8*x + 7*x = -u. Is x composite?
True
Let b = -190 + 191. Suppose n + 3*g - 6 = -2*n, 4*g - 16 = 4*n. Is n - -2*(47 + b) composite?
True
Let i = -6394 - -10085. Is i a prime number?
True
Suppose 2*d = -m + 7031, -14062 = -3*m + m - d. Suppose 8*q - 1041 = m. Is q a prime number?
True
Let u(x) = -x**2 - 6*x - 6. Let h be u(-4). Is (-128)/1*-3 - h prime?
False
Suppose 4*f - 25741 = -5*z, 3*f + 3*z - z - 19311 = 0. Is f a composite number?
True
Let q(d) = 1438*d**2 + 123*d + 368. Is q(-3) prime?
True
Let t = -1230 + 2984. Let d = t - 1063. Is d a prime number?
True
Let m(p) = p - 24. Let n be m(0). Let l = 157 + n. Is l a prime number?
False
Let o(z) = 2*z - 11. Let r be (-2)/(-10) - 72/(-15). Let u be o(r). Is ((-5)/15)/(u/309) prime?
True
Let v = -21 - -87. Let g = 16 + v. Suppose -5*i + g = -273. Is i composite?
False
Let n = -40 - -74. Suppose 4*h + 20 = 3*z, h + 25 = z - 4*h. Suppose z = i - 153 - n. Is i a composite number?
True
Suppose -5*z - 3*b + 6 = 0, z = -0*z - b. Suppose 0 = -z*x - 5*d + 9, -3*x + 5*d + 10 = 1. Suppose -2*a - 2 = 0, 0 = 3*y + a + x*a - 377. Is y a prime number?
True
Is (53 + -60)*(-15342)/21 a composite number?
True
Suppo